7.
45
Suppose 0 = 26*m - 23*m - 81. What is the remainder when m is divided by 15?
12
Let c(y) = -43*y - 25. What is the remainder when 124 is divided by c(-2)?
2
Let v(d) = -d**3 + 24*d**2 + 4*d - 83. What is the remainder when 58 is divided by v(24)?
6
Let p be (-217)/21 + (-4)/6. Let o = 24 - p. What is the remainder when o is divided by 19?
16
Let k = 49 - 0. Calculate the remainder when k is divided by 35.
14
Suppose 15*h = -162 + 1557. Calculate the remainder when h is divided by 18.
3
Let v = -1028 + 1067. What is the remainder when v is divided by 31?
8
Calculate the remainder when 106 is divided by (-240)/60 + 13/1.
7
Suppose -3*l + 28 = 2*c + 7, -18 = -3*l - 3*c. What is the remainder when 340 is divided by l?
7
Let l = 27 + -27. Suppose -8*x + 113 + 223 = l. What is the remainder when x is divided by 11?
9
Suppose 6*a = 8*a + 150. Let n = a - -109. Suppose -2*z - n + 152 = 0. What is the remainder when z is divided by 15?
14
Suppose -2*n + 163 = -61. What is the remainder when 1341 is divided by n?
109
Let w be (-56)/8 - (-3 + 2). Let v = -9 - w. What is the remainder when (8 + v)*7*1 is divided by 12?
11
Let x(c) = -c. Let b(p) = 2*p - 36. Let z(l) = -b(l) - 3*x(l). What is the remainder when z(0) is divided by 14?
8
Let s(k) = 6*k**2 - 10*k - 42. What is the remainder when s(-3) is divided by 36?
6
Suppose 0 = -4*o + 4*l + 1600, -2*l = 2*o - l - 791. What is the remainder when o is divided by 80?
77
Let d(j) = j - 7. Let m be d(9). Suppose -m*t + 23 = -29. Let q = t + -18. Calculate the remainder when 30 is divided by q.
6
Let b(v) = 46*v + 62. Calculate the remainder when b(6) is divided by 27.
14
Suppose v = 2*n + 400, 3*v + 0*v - 1196 = 2*n. Calculate the remainder when v is divided by 57.
56
Let i(a) = -26*a - 471. Calculate the remainder when i(-20) is divided by 20.
9
Let p = 138 - 148. Let b(m) be the third derivative of -m**4/4 - 8*m**3/3 + m**2. What is the remainder when b(p) is divided by 9?
8
Let w(p) = p**2 - 7*p + 82. What is the remainder when w(10) is divided by 6?
4
Suppose -3*n = -5*x + 214, 5*n = 2*x + x - 138. Calculate the remainder when 81 is divided by x.
40
Suppose p - 7*m = -4*m + 60, 2*p - 80 = -2*m. Calculate the remainder when 80 is divided by p.
35
Let p(q) = 10*q**2 + 56*q + 15. What is the remainder when 59 is divided by p(-6)?
20
Suppose 3*o - 4*m = 110, -3*m = -2*o + 31 + 41. What is the remainder when o is divided by 3?
0
What is the remainder when (-834*9/(-27))/(-1 - -3) is divided by 29?
23
Suppose 2*v - 22 = 5*h, 2*v - 11 = v - 2*h. Let t = 1121 + -1047. Calculate the remainder when t is divided by v.
8
Suppose -176 = -3*s - 2*g, 5 = 5*g - 0. Suppose 2*n - 116 = -4*z, 5*z = -n - 3*n + 142. Calculate the remainder when s is divided by z.
28
Let f(l) = l**3 - 9*l**2 - 6*l - 10. Suppose 73 = 2*k + n - 44, 0 = 4*k - 3*n - 229. Calculate the remainder when k is divided by f(10).
28
Let l = -47 - -62. Calculate the remainder when 58 is divided by l.
13
Let x be 2*70 - 2/(-1 - 1). Let b = x + -97. Calculate the remainder when b is divided by 23.
21
Suppose 0 = -4*r + 3*i - 86 - 107, -r - 54 = 5*i. Let o = 77 + r. Calculate the remainder when 80 is divided by o.
24
Let g = -3 + 2. Let r = g - -31. Let m = 277 - 269. What is the remainder when r is divided by m?
6
Suppose 0 = -10*h + 9*h + 20. What is the remainder when 94 is divided by h?
14
Suppose -w + 204 = 2*w + 4*z, 0 = 5*w + 4*z - 348. Let r(s) = -3*s**3 + 3*s + 1. Calculate the remainder when w is divided by r(-2).
15
Suppose 2*h = -3*y + 4, 2*y = 3*y. What is the remainder when ((-1)/(-2))/(0 - (-1)/h) is divided by 1?
0
Suppose -5*x - 79 = -2*r, 2*r - 2*x - 97 = -33. Suppose 0 = -78*l + 1449 + 2451. What is the remainder when l is divided by r?
23
Let t = 11 - 15. Let v(o) = 7*o**2 + o - 1. Calculate the remainder when v(t) is divided by 18.
17
Suppose -2*g = -4*g - 5*r + 15, -3*r = -3*g + 54. Calculate the remainder when 147 is divided by g.
12
Calculate the remainder when (-4)/(-10) + 0 + (-1132)/(-20) is divided by 20.
17
Let j = -5 + 8. Suppose -j*p - 80 = -4*p - 3*n, -4*p + 3*n + 350 = 0. What is the remainder when p is divided by 11?
9
Calculate the remainder when 76 is divided by -7*(0 - (-5 - -6)).
6
What is the remainder when 255 is divided by 9/(72/(-56)) - -94?
81
Suppose -i = -27 + 7. Suppose 3*o + n = 3*n + 87, 2*o - 5*n - 47 = 0. Suppose -4*m = z - o, -6*z + 8 = -m - z. What is the remainder when i is divided by m?
6
Let a(l) = -l**2 + 3*l + 3. Let x be a(3). Let y = x - -27. Let w = 532 + -524. What is the remainder when y is divided by w?
6
Suppose 32 = -5*k + 1652. Calculate the remainder when k is divided by 25.
24
Suppose 392 = 4*y + 3*a - 539, -5*a = -5*y + 1155. Calculate the remainder when y is divided by 117.
115
Let v(o) be the first derivative of -5*o**2 - 3*o - 1 + 1/3*o**3. Calculate the remainder when v(15) is divided by 15.
12
Let b = 10 + -16. Let x = 47 + -25. Let p = b + x. What is the remainder when 45 is divided by p?
13
Suppose -r = 5*y - 3, -y - 5*r = -0 + 9. Suppose l - 5*t = -11 - y, 5*l = 2*t + 32. Calculate the remainder when l is divided by 7.
1
Suppose q - 3 - 30 = 0. Suppose 4*n = -14 + 26. Suppose -n*j + 76 - 22 = 0. Calculate the remainder when q is divided by j.
15
Let m be 5 + -30 - 1*-2. Let x = m + 20. Calculate the remainder when x - 38*(-5)/5 is divided by 9.
8
Let b = 707 - 374. Suppose -2*h + 61 = i, -i - 4*i - 3*h + b = 0. Suppose 5*v - 152 + 32 = 0. Calculate the remainder when i is divided by v.
21
Let g(n) = -n**3 + 7*n**2 + 3*n - 17. Suppose -4*w - 5*p + 20 = -18, -w - 4*p + 15 = 0. Let r = 44 - 25. What is the remainder when r is divided by g(w)?
3
Calculate the remainder when 57 is divided by 6 + (33 - (1 + 5)).
24
Let i(l) = -l**2 + 8*l - 10. Let n be i(6). Calculate the remainder when 32 is divided by (-27)/n*(-6)/9.
5
Let v = -136 + 152. What is the remainder when 207 is divided by v?
15
Let k(b) = 4*b**2 - 72*b + 3. Calculate the remainder when 51 is divided by k(18).
0
Calculate the remainder when 11 is divided by (-15)/(-10) - 11/(-2).
4
Let r = 172 + 41. Calculate the remainder when r is divided by 65.
18
Let i(y) = 18*y. Let u(r) = r**3 - 8*r**2 - 6*r - 8. What is the remainder when i(4) is divided by u(9)?
15
Let m = 801 - 786. Calculate the remainder when 128 is divided by m.
8
Let q(t) = 2*t + 22. Let w be q(-9). Suppose 30 + 66 = w*i. Let x = -22 - -91. Calculate the remainder when x is divided by i.
21
Suppose -3*u + r + 22 = 1, -2*u + 31 = 5*r. Let o = u + -8. Suppose 4*h + 20 = o, 5*z = 2*h - 0*h + 145. Calculate the remainder when z is divided by 14.
13
Let m(a) = 4*a**3 - a**2 + 3*a - 1. Let s(q) = 2*q - 10. Let y be s(5). Suppose y = -d + 5*d - 36. Calculate the remainder when m(2) is divided by d.
6
Let u(g) = -23*g**3 - 1. Calculate the remainder when u(-1) is divided by 16.
6
Let i(b) = 345*b + 1 + 1 - 307*b. What is the remainder when 158 is divided by i(1)?
38
Suppose -3*c + 9 = 12. Let v = 30 - c. What is the remainder when v is divided by 16?
15
Let l = -428 - -453. Let n = 27 - 14. Calculate the remainder when l is divided by n.
12
What is the remainder when (9/2)/((-16)/(-544)) is divided by 11?
10
Suppose 5*l + 151 - 476 = 0. Suppose 4*x = -3*a + 60, -5*x + l = -a - 10. What is the remainder when 36 is divided by x?
6
Suppose 2*s - 10 = 2*t - 0*t, 3*s = -5*t - 25. Suppose -4*n + 0*n + 40 = s. Calculate the remainder when n is divided by 6.
4
Let r = 62 + 23. Calculate the remainder when 339 is divided by r.
84
Suppose -6*h = 4*s - 2*h - 36, -15 = -5*s + 5*h. What is the remainder when 28 is divided by s?
4
Let v = -1 - -24. Calculate the remainder when v is divided by 8.
7
Suppose -3*c + 5*c - 80 = 0. What is the remainder when 77 is divided by c?
37
Suppose -4*l + 4 + 148 = 0. Calculate the remainder when 124 is divided by l.
10
Let h(q) = 176*q**2 + q - 4. Calculate the remainder when h(1) is divided by 22.
19
Calculate the remainder when 98 is divided by 1 + 0 - (-26 + (-4 - 1)).
2
Suppose -2*o - 3*g + 3 = -4, -17 = -3*o + 2*g. Suppose 0 = -5*l + 3*t + 30, -o*l - t + 2 + 8 = 0. Calculate the remainder when 56 is divided by (76/12)/(1/l).
18
Suppose -6 - 8 = u. What is the remainder when (-988)/u + (15/(-7))/(-5) is divided by 24?
23
Suppose 0 = 39*